.
31
Let j(g) = g**3 + 109*g**2 - 3509*g + 9. Give j(-135).
-126
Let m(o) = o**3 - 240*o**2 - 1338*o - 33950. Give m(246).
-2
Let o(z) = -z**3 - 221*z**2 - 204*z + 4014. What is o(-220)?
494
Let x(p) = -37*p**3 - 50*p**2 - 149*p - 3. Determine x(-3).
993
Let z(c) = 1503*c + 477820. Calculate z(-318).
-134
Let i(y) = 6*y**3 + 226*y**2 - 86*y - 68. What is i(-38)?
312
Let f(w) = -w**3 - 134*w**2 + 1734*w - 2608. What is f(-146)?
20
Let z(m) = 2*m**2 + 221*m + 5416. Calculate z(-37).
-23
Let j(t) = t**3 + 110*t**2 - 231*t - 357. Determine j(-112).
427
Let s(o) = 12*o**3 - 862*o**2 - 160*o + 980. What is s(72)?
-172
Let h(u) = 197*u - 869. Determine h(9).
904
Let o(j) = 77*j - 2988. Calculate o(42).
246
Let b(d) = -4*d**2 + 5117*d + 15367. Give b(-3).
-20
Let g(v) = 4007*v + 344603. What is g(-86)?
1
Let d(o) = 901*o + 26132. Calculate d(-29).
3
Let c(g) = -460267*g - 460272. Give c(-1).
-5
Let f(o) = -52*o**2 - 1542*o - 27. Calculate f(-30).
-567
Let b(c) = c**3 + 100*c**2 + 1725*c - 7529. What is b(-76)?
-5
Let u(x) = -1091*x - 3162. Calculate u(-2).
-980
Let s(x) = x**3 - 39*x**2 + 4622*x - 140744. What is s(32)?
-8
Let v(l) = 4*l**3 - 243*l**2 - 90*l + 6. Determine v(61).
-1763
Let p(y) = y**3 - 274*y**2 + 364*y - 24883. Determine p(273).
-40
Let a(r) = 906*r - 139072. Determine a(153).
-454
Let g(x) = -98*x - 850. Calculate g(-10).
130
Let c(u) = 4*u**2 - 6941*u - 168972. Give c(-24).
-84
Let b(s) = s**2 - 157*s + 1614. Calculate b(146).
8
Let k(v) = -157*v**3 - 3*v**2 - 1508*v - 3012. Determine k(-2).
1248
Let j(m) = -4*m**2 + 318*m + 31289. Determine j(-57).
167
Let s(z) = -16*z**2 + 115*z - 115. Give s(8).
-219
Let l(p) = 11*p**3 - 2*p**2 - 389*p + 1523. Give l(4).
639
Let u(l) = -250*l**3 - 498*l**2 + 11*l + 6. Give u(-2).
-8
Let r(w) = 538*w**2 - 28519*w + 263. What is r(53)?
-2
Let m(i) = 2*i**3 + 19*i**2 + 164. What is m(-9)?
245
Let w(g) = 9968*g + 3867587. Give w(-388).
3
Let l(n) = -2*n**3 - 24*n**2 + 22*n + 529. What is l(-11)?
45
Let f(m) = -m**3 - 11*m**2 - 681*m - 6235. Calculate f(-9).
-268
Let h(o) = 1684*o**2 + 3495*o + 144. What is h(-2)?
-110
Let u(z) = 16595*z - 23382352. Give u(1409).
3
Let o(p) = -p**3 + 982*p**2 + 26209*p - 1091. Give o(1008).
-83
Let t(n) = -n**2 + 89*n + 139. Calculate t(6).
637
Let d(b) = b**3 - 49*b**2 + 490*b - 367. Calculate d(14).
-367
Let p(u) = 15391*u - 3586117. Give p(233).
-14
Let b(k) = 393*k - 24074. Give b(61).
-101
Let c(l) = -l**2 + 600*l - 88557. What is c(338)?
-1
Let j(q) = -q**3 + 2225*q**2 + 670887*q + 200. What is j(-269)?
-69
Let i(k) = k**2 - 193*k - 446. Determine i(-12).
2014
Let j(r) = r**3 - 35*r**2 - 189*r + 156. Determine j(39).
-1131
Let h(m) = 84*m - 1292. What is h(18)?
220
Let v(i) = 69*i**2 + 9*i - 98. What is v(3)?
550
Let g(y) = -33*y**2 - 521*y + 2594. Give g(5).
-836
Let w(g) = 20*g**2 - 311*g - 197. What is w(20)?
1583
Let m(d) = 5*d**2 + 198*d - 531. Give m(-43).
200
Let o(x) = x**2 + 34*x - 1979. Determine o(-61).
-332
Let a(j) = 2*j**3 + 4*j**2 + 97*j + 293. Give a(-3).
-16
Let k(t) = 2*t**3 + 56*t**2 - 408*t + 18. Determine k(-34).
18
Let j(y) = -3644*y - 53816. What is j(-15)?
844
Let a(i) = 2*i**3 + 114*i**2 - 868*i + 12. Give a(7).
208
Let v(t) = 327*t + 3870. Calculate v(-16).
-1362
Let a(c) = -16584*c - 1940281. What is a(-117)?
47
Let v(s) = -s**3 - 17*s**2 - 78123*s - 1406546. Give v(-18).
-8
Let o(m) = -m**3 - 22*m**2 - 69*m - 1068. What is o(-21)?
-60
Let m(x) = -x**3 + 182*x**2 + 139*x - 57904. Calculate m(181).
16
Let g(u) = -14*u**2 - 64*u + 257. Give g(4).
-223
Let w(n) = 3300*n + 99347. Give w(-30).
347
Let v(o) = -626*o**2 - 26*o + 3. What is v(1)?
-649
Let t(s) = -s**3 + 23*s**2 + 24*s - 1370. Determine t(21).
16
Let g(c) = 2*c**3 - 358*c**2 - 21244*c - 101. What is g(-47)?
-101
Let r(z) = z**3 - 14*z**2 - 2069*z + 127. Determine r(53).
21
Let j(f) = -138*f + 428. Calculate j(1).
290
Let j(y) = -7*y**3 - 195*y**2 + 14*y - 752. Determine j(-28).
-360
Let l(o) = o**3 + 98*o**2 + 1441*o + 83. Calculate l(-80).
3
Let b(l) = -1148*l + 125134. Calculate b(109).
2
Let v(s) = 4502*s**2 - 112535*s - 369. Calculate v(25).
6
Let a(d) = 2681*d + 1268141. What is a(-473)?
28
Let k(p) = 4*p**2 - 1002*p + 5368. What is k(245)?
-22
Let b(s) = 7*s**2 - 1013*s + 10942. Determine b(133).
36
Let o(j) = -5*j**3 + 2208*j**2 + 7563*j + 811. Give o(445).
-79
Let i(b) = -5988*b + 65739. Calculate i(11).
-129
Let j(q) = 4092*q - 40879. Give j(10).
41
Let u(j) = -4345*j - 378374. Determine u(-87).
-359
Let h(r) = 7*r**2 + 125*r - 87. What is h(-4)?
-475
Let r(d) = 9444*d + 1303306. Give r(-138).
34
Let m(r) = 120036*r - 2760802. Determine m(23).
26
Let n(r) = r**3 - 73*r**2 - 245*r + 1336. Calculate n(76).
44
Let v(c) = -c**3 - 9*c**2 - 1286*c - 10233. What is v(-8)?
-9
Let a(z) = z**3 + 35*z**2 - 6345*z + 525. Calculate a(64).
-51
Let z(t) = 135*t + 26427. What is z(-199)?
-438
Let n(a) = -8*a**3 - 49*a**2 + 3686*a + 18595. What is n(-5)?
-60
Let a(y) = -3*y**3 - 48*y**2 + 16*y + 13. Calculate a(-15).
-902
Let m(f) = f**3 + 463*f**2 - 7655*f + 4028. Give m(-479).
-283
Let n(y) = 18139*y + 580462. Give n(-32).
14
Let k(p) = -177*p**2 - 684*p + 1027. What is k(-5)?
22
Let t(x) = -93995*x + 8929515. Calculate t(95).
-10
Let d(a) = -13*a**2 - 55*a + 101. What is d(3)?
-181
Let k(m) = 21*m**2 - 12132*m + 20637. What is k(576)?
-99
Let z(a) = 22*a**2 + 1127*a - 10000. Determine z(9).
1925
Let x(a) = 171*a - 10408. Give x(75).
2417
Let k(a) = -2*a**3 - 39*a**2 - 42*a - 418. Calculate k(-19).
19
Let r(b) = -167*b**2 - 2334*b - 45. What is r(-14)?
-101
Let z(k) = -8970*k + 53802. Give z(6).
-18
Let v(q) = q**3 - 13885*q**2 - 111152*q - 64. Determine v(-8).
0
Let t(b) = 2*b**3 - 20*b**2 + 46*b - 86. What is t(10)?
374
Let u(d) = 4878*d**2 - 131920*d + 5777. What is u(27)?
-1
Let l(c) = 2554*c**2 - 91945*c + 43. Calculate l(36).
7
Let n(l) = 2*l**2 + 94*l - 745. Determine n(-19).
-1809
Let t(z) = -4*z**3 + 235*z + 34. What is t(-10)?
1684
Let g(i) = -44*i**3 - 1194*i**2 - 143*i + 522. Give g(-27).
9
Let k(t) = -532*t + 2420. Give k(5).
-240
Let f(g) = -g**2 - 338*g - 19339. What is f(-73)?
6
Let l(c) = -2510*c + 130468. Give l(52).
-52
Let d(i) = 4079*i - 138865. Calculate d(34).
-179
Let s(x) = -4*x**2 + 59*x + 260. Calculate s(-11).
-873
Let p(n) = 50*n**3 + 3704*n**2 + 285*n - 813. Give p(-74).
1
Let v(a) = a**3 + 683*a**2 - 1836*a + 152290. What is v(-686)?
-2
Let s(y) = y**3 - 4*y**2 + 7824*y + 15667. What is s(-2)?
-5
Let v(q) = -15*q**3 + 276*q**2 - 112*q + 44. What is v(18)?
-28
Let u(w) = -4*w**3 + 207*w**2 - 2483*w - 52. Determine u(19).
62
Let i(c) = 2*c**3 + 126*c**2 + 1931*c + 181. Give i(-26).
-1
Let k(x) = -2*x**3 - 148*x**2 - 153*x + 369. Determine k(-73).
880
Let l(d) = 9*d**2 + 1081*d - 4. Determine l(0).
-4
Let g(d) = -70*d + 3658. What is g(57)?
-332
Let i(n) = -n**3 + 56*n**2 + 720*n - 7455. Calculate i(7).
-14
Let t(b) = 10*b**2 - 452*b + 2765. Give t(6).
413
Let y(t) = -7294*t**2 - 29181*t + 3. Calculate y(-4).
23
Let h(y) = -y**3 + 5*y**2 - 1074*y + 19534. Calculate h(17).
-2192
Let t(h) = 26*h**2 - 556*h + 33. Give t(21).
-177
Let u(z) = -7499*z - 5871742. Determine u(-783).
-25
Let j(b) = -b**3 + 37*b**2 - 151*b - 290. Determine j(32).
-2
Let y(l) = l**2 - 1170*l + 8190. Determine y(7).
49
Let c(l) = -219*l**2 - 8587*l - 8586. Determine c(-1).
-218
Let z(m) = 33*m**3 + 6*m**2 - 22*m. What is z(-3)?
-771
Let k(d) = -32580*d + 130469. Give k(4).
149
Let u(w) = -7*w**2 + 1339*w + 8008. Calculate u(-6).
-278
Let w(a) = -2813*a + 5835. What is w(2)?
209
Let c(v) = -5*v**2 + 43849*v - 831321. What is c(19)?
5
Let k(x) = -x**3 - 114*x**2 - 82*x + 3109. Calculate k(-113).
-394
Let l(r) = 11039*r + 55248. Determine l(-5).
53
Let o(s) = -227*s**2 - 5372*s + 1849. Calculate o(-24).
25
Let h(y) = 1083*y**2 - 46547*y + 7. Determine h(43).
953
Let f(n) = n**2 - 425*n - 249417. Give f(-330).
-267
Let g(p) = -p**2 - 9341*p - 288504. Give g(-31).
106
Let v(x) = -2788*x**2 + 16768*x - 5. What is v(6)?
235
Let h(r) = -1882*r - 296. Give h(1).
-2178
Let b(i) = -2*i**3 - 1220*i**2 - 4847*i + 10. Calculate b(-4).
6
Let b(p) = -176313*p - 528950. What is b(-3)?
-11
Let c(l) = -10*l**2 - 157*l + 2018. What is c(10)?
-552
Let s(u) = u**3 - 142*u**2 - 4300*u - 11396. Give s(